{"id":716,"date":"2019-06-18T15:44:28","date_gmt":"2019-06-18T13:44:28","guid":{"rendered":"https:\/\/kjl-video.de\/staging\/?post_type=product&#038;p=716"},"modified":"2020-09-25T10:58:06","modified_gmt":"2020-09-25T08:58:06","slug":"unp2500","status":"publish","type":"product","link":"https:\/\/kjl-video.de\/staging\/shop\/unp2500\/","title":{"rendered":"GeoVision UNP2500"},"content":{"rendered":"<ul>\n<li>1\/2,8&#8243; Progressive Scan Super Low Lux CMOS<\/li>\n<li>Megapixel-Objektiv<\/li>\n<li>Tag- und Nachtfunktion (elektronisch)<\/li>\n<li>Eingebauter Micro-SD-Kartensteckplatz (SD\/SDHC) f\u00fcr die lokale Speicherung<\/li>\n<li>Vom Aufzeichnungsmanager zugewiesene Aufzeichnung (Windows- und Mac-Version)<\/li>\n<li>3D DNR (Digitale Rauschunterdr\u00fcckung)<\/li>\n<li>Text\u00fcberlagerung<\/li>\n<li>IP-Adressfilterung<\/li>\n<li>Unterst\u00fctzt iPhone, iPad, Android und 3GPP<\/li>\n<li>Mehr Speicheroptionen &#8211; NAS<\/li>\n<li>Kunststoffgeh\u00e4use: wei\u00df<\/li>\n<\/ul>\n","protected":false},"excerpt":{"rendered":"<p>Die Lochkamera UNP2500 bietet eine Option f\u00fcr die Geheim\u00fcberwachung. Das Kompaktkameraobjektiv kann an \u00dcberwachungsorten mit begrenztem Platz installiert werden, z.B. hinter der Verkleidung von Geldautomaten. Die Kamera ist auch ideal f\u00fcr Orte, an denen eine diskrete \u00dcberwachung gew\u00fcnscht wird, z.B. in Banken, Hotels, Museen, Gesch\u00e4ften und B\u00fcros. Die Kamera ist mit einem 1 \/ 2,8 &#8222;-Progressive-Scan-CMOS (Super-Low-Lux) mit Tag- und Nacht-Elektronik ausgestattet, um jederzeit eine klare Sicht zu gew\u00e4hrleisten.<\/p>\n","protected":false},"featured_media":0,"template":"","meta":[],"product_cat":[73,33],"product_tag":[],"yoast_head":"<!-- This site is optimized with the Yoast SEO plugin v19.11 - https:\/\/yoast.com\/wordpress\/plugins\/seo\/ -->\n<title>GeoVision UNP2500 - kjl-video.de<\/title>\n<meta name=\"robots\" content=\"noindex, follow, max-snippet:-1, max-image-preview:large, max-video-preview:-1\" \/>\n<meta property=\"og:locale\" content=\"de_DE\" \/>\n<meta property=\"og:type\" content=\"article\" \/>\n<meta property=\"og:title\" content=\"GeoVision UNP2500 - kjl-video.de\" \/>\n<meta property=\"og:description\" content=\"Die Lochkamera UNP2500 bietet eine Option f\u00fcr die Geheim\u00fcberwachung. Das Kompaktkameraobjektiv kann an \u00dcberwachungsorten mit begrenztem Platz installiert werden, z.B. hinter der Verkleidung von Geldautomaten. Die Kamera ist auch ideal f\u00fcr Orte, an denen eine diskrete \u00dcberwachung gew\u00fcnscht wird, z.B. in Banken, Hotels, Museen, Gesch\u00e4ften und B\u00fcros. Die Kamera ist mit einem 1 \/ 2,8 &quot;-Progressive-Scan-CMOS (Super-Low-Lux) mit Tag- und Nacht-Elektronik ausgestattet, um jederzeit eine klare Sicht zu gew\u00e4hrleisten.\" \/>\n<meta property=\"og:url\" content=\"https:\/\/kjl-video.de\/staging\/shop\/unp2500\/\" \/>\n<meta property=\"og:site_name\" content=\"kjl-video.de\" \/>\n<meta property=\"article:modified_time\" content=\"2020-09-25T08:58:06+00:00\" \/>\n<meta name=\"twitter:card\" content=\"summary_large_image\" \/>\n<script type=\"application\/ld+json\" class=\"yoast-schema-graph\">{\"@context\":\"https:\/\/schema.org\",\"@graph\":[{\"@type\":\"WebPage\",\"@id\":\"https:\/\/kjl-video.de\/staging\/shop\/unp2500\/\",\"url\":\"https:\/\/kjl-video.de\/staging\/shop\/unp2500\/\",\"name\":\"GeoVision UNP2500 - kjl-video.de\",\"isPartOf\":{\"@id\":\"https:\/\/kjl-video.de\/staging\/#website\"},\"datePublished\":\"2019-06-18T13:44:28+00:00\",\"dateModified\":\"2020-09-25T08:58:06+00:00\",\"breadcrumb\":{\"@id\":\"https:\/\/kjl-video.de\/staging\/shop\/unp2500\/#breadcrumb\"},\"inLanguage\":\"de\",\"potentialAction\":[{\"@type\":\"ReadAction\",\"target\":[\"https:\/\/kjl-video.de\/staging\/shop\/unp2500\/\"]}]},{\"@type\":\"BreadcrumbList\",\"@id\":\"https:\/\/kjl-video.de\/staging\/shop\/unp2500\/#breadcrumb\",\"itemListElement\":[{\"@type\":\"ListItem\",\"position\":1,\"name\":\"Startseite\",\"item\":\"https:\/\/kjl-video.de\/staging\/\"},{\"@type\":\"ListItem\",\"position\":2,\"name\":\"Shop\",\"item\":\"https:\/\/kjl-video.de\/staging\/shop\/\"},{\"@type\":\"ListItem\",\"position\":3,\"name\":\"GeoVision UNP2500\"}]},{\"@type\":\"WebSite\",\"@id\":\"https:\/\/kjl-video.de\/staging\/#website\",\"url\":\"https:\/\/kjl-video.de\/staging\/\",\"name\":\"kjl-video.de\",\"description\":\"Ihr kompetenter Partner f\u00fcr Video\u00fcberwachungen aus Hamburg\",\"publisher\":{\"@id\":\"https:\/\/kjl-video.de\/staging\/#organization\"},\"potentialAction\":[{\"@type\":\"SearchAction\",\"target\":{\"@type\":\"EntryPoint\",\"urlTemplate\":\"https:\/\/kjl-video.de\/staging\/?s={search_term_string}\"},\"query-input\":\"required name=search_term_string\"}],\"inLanguage\":\"de\"},{\"@type\":\"Organization\",\"@id\":\"https:\/\/kjl-video.de\/staging\/#organization\",\"name\":\"kjl-video.de\",\"url\":\"https:\/\/kjl-video.de\/staging\/\",\"logo\":{\"@type\":\"ImageObject\",\"inLanguage\":\"de\",\"@id\":\"https:\/\/kjl-video.de\/staging\/#\/schema\/logo\/image\/\",\"url\":\"https:\/\/kjl-video.de\/staging\/wp-content\/uploads\/2018\/06\/KJL_Logo.png\",\"contentUrl\":\"https:\/\/kjl-video.de\/staging\/wp-content\/uploads\/2018\/06\/KJL_Logo.png\",\"width\":272,\"height\":80,\"caption\":\"kjl-video.de\"},\"image\":{\"@id\":\"https:\/\/kjl-video.de\/staging\/#\/schema\/logo\/image\/\"}}]}<\/script>\n<!-- \/ Yoast SEO plugin. -->","yoast_head_json":{"title":"GeoVision UNP2500 - kjl-video.de","robots":{"index":"noindex","follow":"follow","max-snippet":"max-snippet:-1","max-image-preview":"max-image-preview:large","max-video-preview":"max-video-preview:-1"},"og_locale":"de_DE","og_type":"article","og_title":"GeoVision UNP2500 - kjl-video.de","og_description":"Die Lochkamera UNP2500 bietet eine Option f\u00fcr die Geheim\u00fcberwachung. Das Kompaktkameraobjektiv kann an \u00dcberwachungsorten mit begrenztem Platz installiert werden, z.B. hinter der Verkleidung von Geldautomaten. Die Kamera ist auch ideal f\u00fcr Orte, an denen eine diskrete \u00dcberwachung gew\u00fcnscht wird, z.B. in Banken, Hotels, Museen, Gesch\u00e4ften und B\u00fcros. Die Kamera ist mit einem 1 \/ 2,8 \"-Progressive-Scan-CMOS (Super-Low-Lux) mit Tag- und Nacht-Elektronik ausgestattet, um jederzeit eine klare Sicht zu gew\u00e4hrleisten.","og_url":"https:\/\/kjl-video.de\/staging\/shop\/unp2500\/","og_site_name":"kjl-video.de","article_modified_time":"2020-09-25T08:58:06+00:00","twitter_card":"summary_large_image","schema":{"@context":"https:\/\/schema.org","@graph":[{"@type":"WebPage","@id":"https:\/\/kjl-video.de\/staging\/shop\/unp2500\/","url":"https:\/\/kjl-video.de\/staging\/shop\/unp2500\/","name":"GeoVision UNP2500 - kjl-video.de","isPartOf":{"@id":"https:\/\/kjl-video.de\/staging\/#website"},"datePublished":"2019-06-18T13:44:28+00:00","dateModified":"2020-09-25T08:58:06+00:00","breadcrumb":{"@id":"https:\/\/kjl-video.de\/staging\/shop\/unp2500\/#breadcrumb"},"inLanguage":"de","potentialAction":[{"@type":"ReadAction","target":["https:\/\/kjl-video.de\/staging\/shop\/unp2500\/"]}]},{"@type":"BreadcrumbList","@id":"https:\/\/kjl-video.de\/staging\/shop\/unp2500\/#breadcrumb","itemListElement":[{"@type":"ListItem","position":1,"name":"Startseite","item":"https:\/\/kjl-video.de\/staging\/"},{"@type":"ListItem","position":2,"name":"Shop","item":"https:\/\/kjl-video.de\/staging\/shop\/"},{"@type":"ListItem","position":3,"name":"GeoVision UNP2500"}]},{"@type":"WebSite","@id":"https:\/\/kjl-video.de\/staging\/#website","url":"https:\/\/kjl-video.de\/staging\/","name":"kjl-video.de","description":"Ihr kompetenter Partner f\u00fcr Video\u00fcberwachungen aus Hamburg","publisher":{"@id":"https:\/\/kjl-video.de\/staging\/#organization"},"potentialAction":[{"@type":"SearchAction","target":{"@type":"EntryPoint","urlTemplate":"https:\/\/kjl-video.de\/staging\/?s={search_term_string}"},"query-input":"required name=search_term_string"}],"inLanguage":"de"},{"@type":"Organization","@id":"https:\/\/kjl-video.de\/staging\/#organization","name":"kjl-video.de","url":"https:\/\/kjl-video.de\/staging\/","logo":{"@type":"ImageObject","inLanguage":"de","@id":"https:\/\/kjl-video.de\/staging\/#\/schema\/logo\/image\/","url":"https:\/\/kjl-video.de\/staging\/wp-content\/uploads\/2018\/06\/KJL_Logo.png","contentUrl":"https:\/\/kjl-video.de\/staging\/wp-content\/uploads\/2018\/06\/KJL_Logo.png","width":272,"height":80,"caption":"kjl-video.de"},"image":{"@id":"https:\/\/kjl-video.de\/staging\/#\/schema\/logo\/image\/"}}]}},"_links":{"self":[{"href":"https:\/\/kjl-video.de\/staging\/wp-json\/wp\/v2\/product\/716"}],"collection":[{"href":"https:\/\/kjl-video.de\/staging\/wp-json\/wp\/v2\/product"}],"about":[{"href":"https:\/\/kjl-video.de\/staging\/wp-json\/wp\/v2\/types\/product"}],"wp:attachment":[{"href":"https:\/\/kjl-video.de\/staging\/wp-json\/wp\/v2\/media?parent=716"}],"wp:term":[{"taxonomy":"product_cat","embeddable":true,"href":"https:\/\/kjl-video.de\/staging\/wp-json\/wp\/v2\/product_cat?post=716"},{"taxonomy":"product_tag","embeddable":true,"href":"https:\/\/kjl-video.de\/staging\/wp-json\/wp\/v2\/product_tag?post=716"}],"curies":[{"name":"wp","href":"https:\/\/api.w.org\/{rel}","templated":true}]}}